 2.
10
Suppose 13770 = 11*c - 9*c + 32*c. Calculate the remainder when 815 is divided by c.
5
Let g(b) be the third derivative of -b**6/120 - b**5/10 + 7*b**4/8 + 10*b**3/3 - 27*b**2 - 4. What is the remainder when g(-10) is divided by 48?
18
Suppose 0*z - z = -8. Suppose 153 = z*y - 727. What is the remainder when y is divided by 16?
14
Suppose -2 = -3*p + 76. Let k(i) = -i**3 - 79*i**2 + 425*i + 572. What is the remainder when k(-84) is divided by p?
22
Suppose -211*x - 2584 = -279*x. Calculate the remainder when (2/4)/((-5)/(-1030)) is divided by x.
27
Suppose -3663 - 4778 + 3345 = -56*m. What is the remainder when m is divided by 290/9 + 8/(-36)?
27
Let i(b) = -b**2 - 71*b - 204. Calculate the remainder when i(-64) is divided by 128.
116
Let s(y) = y**3 + 6*y**2 - 8*y + 10. Let t = 41 + -37. Suppose -2*z - i = -z + 10, z = t*i + 5. What is the remainder when 32 is divided by s(z)?
15
Let h(g) = 18*g**2 - 5*g - 3. Let a be h(-1). Let l = 69 - a. What is the remainder when l is divided by 18?
13
Let n be (4 - (0 - -4))/(-2). Let y = n + 63. Calculate the remainder when (-1)/2*(-9)/(y/644) is divided by 16.
14
Suppose 5*r - 5715 = -5*y, -3*y + 2*r + 1742 = -1702. Suppose 0 = -33*w + 27*w + y. Calculate the remainder when w is divided by 24.
23
Suppose 24*u + 8*u - 1184 = 0. Let k = -148 + 155. What is the remainder when u is divided by k?
2
Let j = -852 + 873. Calculate the remainder when 2706 is divided by j.
18
What is the remainder when 1250 is divided by 1003/(-68) + 15 - (-87)/4?
18
Let s(w) = w**2 - 5*w - 243. Calculate the remainder when 55 is divided by s(-14).
9
Let s = -257 + 232. Let f = 67 - s. Calculate the remainder when f is divided by 5.
2
Let y be 2/16 - 10540/(-160). Suppose y*r - 150 = 61*r. Let s(p) = p**2 - 8*p + 14. What is the remainder when s(-7) is divided by r?
29
Let t(w) = -3*w**2 + 3*w - 8. Let m be t(-4). Let y = m - -79. Suppose p = -y + 15. Calculate the remainder when 7 is divided by p.
3
Suppose -43*p + 339 = -1128 - 1242. Calculate the remainder when 1081 is divided by p.
10
Let k be (-7560)/25 - 2/(-15)*3. Let j = 332 + k. Calculate the remainder when 206 is divided by j.
26
Let j be 86*5*1/2. Let m = j - 49. Calculate the remainder when m is divided by ((-30705)/(-552) - 28) + (-6)/(-16).
26
What is the remainder when (-1)/6 + (-13663)/(-78) - 0 is divided by 93?
82
Let r(j) = -29*j. Let c be -69 - (-6)/18*-6. Let x = 87 + c. What is the remainder when r(-1) is divided by x?
13
What is the remainder when 1166 is divided by 19*(-80)/(-2280)*1*198?
110
Suppose 10*j - 8*j - 26 = -5*z, 0 = 5*j + 2*z - 23. Let b be 5/((j - 34/8) + 1). Calculate the remainder when 55 is divided by 4 + -7 - (b + -3).
15
Let b(z) = 5*z + 121. Let i be b(-26). Let c = i + 311. What is the remainder when c is divided by 38?
36
Let h = -1 + 6. Suppose h*f + 0*b - 2*b = 61, 54 = 4*f + b. Calculate the remainder when f is divided by (-65)/(-30) - (-30)/36.
1
Suppose -2 = -7*y + 5*y. Suppose 3*b - 35 - y = 0. Calculate the remainder when 33 is divided by b.
9
Let n = 632 - 330. Calculate the remainder when n is divided by 76.
74
Let c(y) = 35*y**2 + 26*y - 471. What is the remainder when c(17) is divided by 13?
11
Suppose 5*y - 28 = 4*v - 3*v, y + 7 = -4*v. Suppose 7*c - 5*g = 130, y*c - c + 5*g - 35 = 0. What is the remainder when 64 is divided by c?
4
Suppose 0 = 2*w - 2*p - 66 - 30, 190 = 5*w + 5*p. Let f(q) = 20*q + 24. Calculate the remainder when f(8) is divided by w.
12
Suppose -4*s + b + 3*b + 276 = 0, -2*s + 4*b = -128. What is the remainder when s is divided by 518/21 - 4/(-3)?
22
Let j(v) = v**2 + 17*v - 60. Let y be j(3). Suppose y = 64*d - 8585 - 3127. Calculate the remainder when d is divided by 46.
45
Suppose -8*k + 10*k = -3*x - 2, 5*x + 3*k + 3 = 0. Suppose 5*c - s - 75 = -x*s, 4*c + 3*s = 79. Calculate the remainder when 35 is divided by c.
3
Let d = -3201 + 3234. What is the remainder when d is divided by 9?
6
Let i = 5286 - 3731. Calculate the remainder when i is divided by 223.
217
Let z = -25 + 51. Let x = -1 + z. What is the remainder when 36/(-270) - 2944/(-30) is divided by x?
23
Let o be -15*(14/(-5) + 2 + 0). Let f = o - -4. Suppose -6*l + f = -2. Calculate the remainder when 7 is divided by l.
1
Let w = 662 + -660. Suppose 5*j - 9*f = -12*f + 103, f = -w*j + 42. What is the remainder when 182 is divided by j?
21
Let k be -2 + -7 + 3 + 11. Calculate the remainder when 381/6 - 14/((-28)/(-3)) is divided by k - (8/4 + -2).
2
Suppose -6*j + 12*j = -306. Let b = 95 + j. Suppose 0*q - b = -3*a + 4*q, -42 = -3*a + 3*q. What is the remainder when 21 is divided by a?
9
Calculate the remainder when 2950 is divided by 73/1 - ((-91)/(-65) + (-16)/40).
70
Let q = 901 + -896. Suppose -3*v = q*a - 63, 196*a = v + 192*a - 38. Let k = 264 - 162. Calculate the remainder when k is divided by v.
24
Let d(l) = l**3 + 5*l**2 - 15*l - 4. Let x be d(-7). Suppose 5 = x*c - 34. What is the remainder when 2112/42 - (-6)/(-21) is divided by c?
11
Suppose 2*t + 2*a = 7808, 4*t - 13*a + 12*a = 15606. What is the remainder when t is divided by 21?
17
Let l = -20266 - -20909. Calculate the remainder when l is divided by 249.
145
Let o = -40 + 49. Let d = 76 + o. Suppose -3*q - 58 = -5*q. Calculate the remainder when d is divided by q.
27
Let b = 209 + -220. Calculate the remainder when 51 is divided by (-20)/(-20)*4*1 - b.
6
Suppose -74*v - 79*v + 33*v + 5160 = 0. What is the remainder when 335 is divided by v?
34
Suppose -7*d + 132 = -29. Let a(h) = -h**2 - 7*h. Let v be a(-7). Suppose u - d - 95 = v. What is the remainder when u is divided by 30?
28
What is the remainder when ((-2)/5)/(-19 + 13723878/722310) is divided by 121?
119
Suppose -1575 = -2*k - 107*g + 108*g, -3171 = -4*k - g. Calculate the remainder when k is divided by 155.
16
Suppose 5*p + 924 = 4*l, 4*l = -5*p + 2*p + 892. Suppose l = 22*z + 6. What is the remainder when z is divided by 3?
1
Let r(q) = q**3 - 8*q**2 - 9*q + 3. Suppose -9 = 5*d - 54. Let n be r(d). Calculate the remainder when 39 is divided by (-9)/(n*5/(-35)).
18
Calculate the remainder when 1947633/564 + 3/(-12) is divided by 45.
33
Suppose -3*q + 1650 = 2*t - 2440, -3*t = 5*q - 6137. Calculate the remainder when t is divided by 14.
9
Let q(d) be the first derivative of 5*d**3/3 - d**2 - 16*d + 1. Let i(a) = 14*a - 143. Let m be i(10). Calculate the remainder when 137 is divided by q(m).
32
Let q(b) = -14*b - 122. Let w be q(-9). What is the remainder when 118 is divided by 45/w*(-16)/(-12)?
13
Suppose 2*r - 1 = 3. Suppose -8*z - r = -26. What is the remainder when 3 is divided by z?
0
Let l be (-186)/155*(-80)/3. Suppose -l = j - 13. Let r = j - -30. Calculate the remainder when 31 is divided by r.
9
Let s(n) = 1 - n**2 + 3*n + 4*n - 4*n. What is the remainder when 44/22*(3 - 1) is divided by s(3)?
0
Let j(m) = -3*m**2 + 30 + m**2 + m**2 - 15*m. Let n be j(-17). What is the remainder when 13 is divided by n/14 + 259/49?
3
Let w(z) = -658*z + 7007. Calculate the remainder when w(9) is divided by 137.
126
Suppose 27 + 49 = 19*h. Suppose -2*j + 58 = 2*y, -h*y = 4*j - 2*y - 124. What is the remainder when 131 is divided by j?
32
Suppose 8 = 4*x, 0 = 9*o - 12*o - 2*x + 64. Calculate the remainder when 457 is divided by o.
17
Let k = 547 - 7. What is the remainder when k is divided by 21?
15
Suppose 262*c = 260*c + 3*m + 2101, c - 4*m = 1068. What is the remainder when 2084 is divided by c?
4
Let d = 2731 - 2473. Calculate the remainder when d is divided by 5/(3/12 + 0).
18
Let i(c) = 118*c - 20 + 7 - 71 - 23*c. What is the remainder when i(4) is divided by 11?
10
What is the remainder when 12/21 + (-6097)/(-49) is divided by 91?
34
Let y(w) = -w. Let a be y(4). Let d(o) = -17*o - 5. Let k(m) = -63*m - 20. Let h(b) = -11*d(b) + 3*k(b). What is the remainder when 23 is divided by h(a)?
2
Let l(j) = -4*j**2 + 24*j - 22. Let r be l(7). Calculate the remainder when r/(-4)*(-17 - -21) is divided by 18.
14
Let r(m) = -140*m + 1450. What is the remainder when 476 is divided by r(10)?
26
Suppose 378*i + k + 119 = 379*i, -2*i - 3*k + 258 = 0. Calculate the remainder when 356 is divided by i.
110
Let g = 46 - 42. Let j be 2/(g*3/30). Suppose 135 = 5*o - 4*a + a, -j*a = 0. What is the remainder when o is divided by 14?